{"id":266,"date":"2026-01-20T13:20:30","date_gmt":"2026-01-20T13:20:30","guid":{"rendered":"https:\/\/jedynacafe.com\/?page_id=266"},"modified":"2026-03-06T13:37:12","modified_gmt":"2026-03-06T13:37:12","slug":"catering","status":"publish","type":"page","link":"https:\/\/jedynacafe.com\/index.php\/catering\/","title":{"rendered":"Catering"},"content":{"rendered":"\n<p>OFERTA CATERINGOWA<\/p>\n\n\n\n<p>Oferta wytrawna i s\u0142odka na przyj\u0119cia, spotkania biznesowe i inne okazje. <br>Mo\u017cliwo\u015b\u0107 dostosowania smak\u00f3w i kompozycji do preferencji klienta. <\/p>\n\n\n\n<p><\/p>\n\n\n\n<hr class=\"wp-block-separator has-alpha-channel-opacity\"\/>\n\n\n\n<p>ZESTAW WYTRAWNY<\/p>\n\n\n\n<p>MINI BABECZKI<br>Pomidorowo-paprykowe i bazyliowo-oliwkowe<br>1 porcja \/ 4 sztuki \u2013 12 z\u0142<\/p>\n\n\n\n<figure class=\"wp-block-image size-full\"><img loading=\"lazy\" decoding=\"async\" width=\"1500\" height=\"1513\" src=\"https:\/\/jedynacafe.com\/wp-content\/uploads\/2026\/02\/1770723688514.png\" alt=\"\" class=\"wp-image-301\" srcset=\"https:\/\/jedynacafe.com\/wp-content\/uploads\/2026\/02\/1770723688514.png 1500w, https:\/\/jedynacafe.com\/wp-content\/uploads\/2026\/02\/1770723688514-297x300.png 297w, https:\/\/jedynacafe.com\/wp-content\/uploads\/2026\/02\/1770723688514-1015x1024.png 1015w, https:\/\/jedynacafe.com\/wp-content\/uploads\/2026\/02\/1770723688514-150x150.png 150w, https:\/\/jedynacafe.com\/wp-content\/uploads\/2026\/02\/1770723688514-768x775.png 768w\" sizes=\"auto, (max-width: 1500px) 100vw, 1500px\" \/><\/figure>\n\n\n\n<p>KORECZKI<br>Starannie skomponowane z najwy\u017cszej jako\u015bci sk\u0142adnik\u00f3w<br>1 porcja \/ 4 sztuki \u2013 12 z\u0142<\/p>\n\n\n\n<p>MONOSA\u0141ATKI ry\u017cowe:<br>Z\u0141OTY TROPIK &#8211; kurczak z ananasem<br>OCEAN FISH &#8211; z makrel\u0105<br>\u015awie\u017ce, lekkie, idealne na przek\u0105sk\u0119<br>1 porcja \/ 150 ml \u2013 10 z\u0142<\/p>\n\n\n\n<p><\/p>\n\n\n\n<p>MONOSA\u0141ATKA WARSTWOWA &#8211; wielowarzywna z jajkiem i z tu\u0144czykiem<br>1 porcja \/ 180 ml (ok. 130g) <br>10 &#8211; 30 porcji &#8211; 15 z\u0142 \/ porcja<br>40 &#8211; 60 porcji &#8211; 14,5 z\u0142 \/ porcja<br>70 &#8211; 90 porcji &#8211; 13,5 z\u0142 \/ porcja<br>100 + porcji &#8211; 13 z\u0142 \/ porcja<\/p>\n\n\n\n<p>Zam\u00f3wienia na monosa\u0142atki jednego rodzaju realizujemy w <strong>wielokrotno\u015bci 10 sztuk.<\/strong> <\/p>\n\n\n\n<figure class=\"wp-block-image size-large\"><img loading=\"lazy\" decoding=\"async\" width=\"679\" height=\"1024\" src=\"https:\/\/jedynacafe.com\/wp-content\/uploads\/2026\/03\/1772800937899-679x1024.png\" alt=\"\" class=\"wp-image-305\" srcset=\"https:\/\/jedynacafe.com\/wp-content\/uploads\/2026\/03\/1772800937899-679x1024.png 679w, https:\/\/jedynacafe.com\/wp-content\/uploads\/2026\/03\/1772800937899-199x300.png 199w, https:\/\/jedynacafe.com\/wp-content\/uploads\/2026\/03\/1772800937899-768x1157.png 768w, https:\/\/jedynacafe.com\/wp-content\/uploads\/2026\/03\/1772800937899.png 777w\" sizes=\"auto, (max-width: 679px) 100vw, 679px\" \/><\/figure>\n\n\n\n<div class=\"wp-block-group is-vertical is-layout-flex wp-container-core-group-is-layout-8cf370e7 wp-block-group-is-layout-flex\">\n<p>ROLADA SZPINAKOWA z w\u0119dzonym \u0142ososiem<\/p>\n\n\n\n<p>+\/- 35 cm 90 z\u0142<\/p>\n<\/div>\n\n\n\n<figure class=\"wp-block-image size-large\"><img loading=\"lazy\" decoding=\"async\" width=\"752\" height=\"1024\" src=\"https:\/\/jedynacafe.com\/wp-content\/uploads\/2026\/02\/1770716666191-752x1024.jpg\" alt=\"\" class=\"wp-image-293\" srcset=\"https:\/\/jedynacafe.com\/wp-content\/uploads\/2026\/02\/1770716666191-752x1024.jpg 752w, https:\/\/jedynacafe.com\/wp-content\/uploads\/2026\/02\/1770716666191-220x300.jpg 220w, https:\/\/jedynacafe.com\/wp-content\/uploads\/2026\/02\/1770716666191-768x1045.jpg 768w, https:\/\/jedynacafe.com\/wp-content\/uploads\/2026\/02\/1770716666191.jpg 944w\" sizes=\"auto, (max-width: 752px) 100vw, 752px\" \/><\/figure>\n\n\n\n<div class=\"wp-block-group is-vertical is-layout-flex wp-container-core-group-is-layout-8cf370e7 wp-block-group-is-layout-flex\">\n<p>ROLADA marchewkowa z tu\u0144czykiem i zielonym groszkiem <\/p>\n\n\n\n<p>+\/- 35 cm 90 z\u0142<\/p>\n\n\n\n<figure class=\"wp-block-image size-large\"><img loading=\"lazy\" decoding=\"async\" width=\"793\" height=\"1024\" src=\"https:\/\/jedynacafe.com\/wp-content\/uploads\/2026\/02\/1770716666202-793x1024.jpg\" alt=\"\" class=\"wp-image-294\" srcset=\"https:\/\/jedynacafe.com\/wp-content\/uploads\/2026\/02\/1770716666202-793x1024.jpg 793w, https:\/\/jedynacafe.com\/wp-content\/uploads\/2026\/02\/1770716666202-232x300.jpg 232w, https:\/\/jedynacafe.com\/wp-content\/uploads\/2026\/02\/1770716666202-768x992.jpg 768w, https:\/\/jedynacafe.com\/wp-content\/uploads\/2026\/02\/1770716666202.jpg 1072w\" sizes=\"auto, (max-width: 793px) 100vw, 793px\" \/><\/figure>\n<\/div>\n\n\n\n<p>KANAPKI z bu\u0142ek pe\u0142noziarnistych<br>z jajkiem sadzonym bezt\u0142uszczowo + ser lub szynka (do wyboru) + mix sa\u0142at<br>1 porcja \/ 2 po\u0142\u00f3wki (dla wygody) &#8211; 9 z\u0142<\/p>\n\n\n\n<figure class=\"wp-block-image size-large\"><img loading=\"lazy\" decoding=\"async\" width=\"768\" height=\"1024\" src=\"https:\/\/jedynacafe.com\/wp-content\/uploads\/2026\/02\/1770416267530-768x1024.png\" alt=\"\" class=\"wp-image-290\" srcset=\"https:\/\/jedynacafe.com\/wp-content\/uploads\/2026\/02\/1770416267530-768x1024.png 768w, https:\/\/jedynacafe.com\/wp-content\/uploads\/2026\/02\/1770416267530-225x300.png 225w, https:\/\/jedynacafe.com\/wp-content\/uploads\/2026\/02\/1770416267530-1152x1536.png 1152w, https:\/\/jedynacafe.com\/wp-content\/uploads\/2026\/02\/1770416267530.png 1500w\" sizes=\"auto, (max-width: 768px) 100vw, 768px\" \/><\/figure>\n\n\n\n<hr class=\"wp-block-separator has-alpha-channel-opacity\"\/>\n\n\n\n<p>ZESTAW S\u0141ODKI<\/p>\n\n\n\n<p>BROWNIE<br>Wega\u0144skie i bezglutenowe (na m\u0105ce ry\u017cowej)<br>1 porcja \/ tr\u00f3jk\u0105t kawiarniany &#8211; 12 z\u0142<\/p>\n\n\n\n<p>BABECZKI &#8211; kruche, idealnie zbalansowane smakowo na s\u0142odkie zako\u0144czenie spotkania<\/p>\n\n\n\n<ul class=\"wp-block-list\">\n<li>z kremem kakaowym i fru\u017celin\u0105 owocow\u0105 (wi\u015bniowa, pomara\u0144czowa)<br><br>1 porcja \/ 2 sztuki \u2013 12 z\u0142<\/li>\n<\/ul>\n\n\n\n<ul class=\"wp-block-list\">\n<li>z kremem pistacjowym i past\u0105 pistacjow\u0105 <br>1 porcja \/ 2 sztuki \u2013 14 z\u0142<\/li>\n<\/ul>\n\n\n\n<figure class=\"wp-block-image size-large\"><img loading=\"lazy\" decoding=\"async\" width=\"722\" height=\"1024\" src=\"https:\/\/jedynacafe.com\/wp-content\/uploads\/2026\/02\/1770416267612-722x1024.png\" alt=\"\" class=\"wp-image-292\" srcset=\"https:\/\/jedynacafe.com\/wp-content\/uploads\/2026\/02\/1770416267612-722x1024.png 722w, https:\/\/jedynacafe.com\/wp-content\/uploads\/2026\/02\/1770416267612-212x300.png 212w, https:\/\/jedynacafe.com\/wp-content\/uploads\/2026\/02\/1770416267612-768x1089.png 768w, https:\/\/jedynacafe.com\/wp-content\/uploads\/2026\/02\/1770416267612.png 972w\" sizes=\"auto, (max-width: 722px) 100vw, 722px\" \/><\/figure>\n\n\n\n<hr class=\"wp-block-separator has-alpha-channel-opacity\"\/>\n\n\n\n<p>WARUNKI ZAM\u00d3WIENIA<\/p>\n\n\n\n<p>Minimalna warto\u015b\u0107 zam\u00f3wienia: 300 z\u0142<\/p>\n\n\n\n<p>Zam\u00f3wienia nale\u017cy sk\u0142ada\u0107 z min. 2 dniowym wyprzedzeniem.<\/p>\n\n\n\n<p>Odbi\u00f3r osobisty lub ewentualna dostawa (koszt ustalany indywidualnie).<\/p>\n","protected":false},"excerpt":{"rendered":"<p>OFERTA CATERINGOWA Oferta wytrawna i s\u0142odka na przyj\u0119cia, spotkania biznesowe i inne okazje. Mo\u017cliwo\u015b\u0107 dostosowania smak\u00f3w i kompozycji do preferencji [&hellip;]<\/p>\n","protected":false},"author":1,"featured_media":0,"parent":0,"menu_order":0,"comment_status":"closed","ping_status":"closed","template":"","meta":{"footnotes":""},"class_list":["post-266","page","type-page","status-publish","hentry"],"_links":{"self":[{"href":"https:\/\/jedynacafe.com\/index.php\/wp-json\/wp\/v2\/pages\/266","targetHints":{"allow":["GET"]}}],"collection":[{"href":"https:\/\/jedynacafe.com\/index.php\/wp-json\/wp\/v2\/pages"}],"about":[{"href":"https:\/\/jedynacafe.com\/index.php\/wp-json\/wp\/v2\/types\/page"}],"author":[{"embeddable":true,"href":"https:\/\/jedynacafe.com\/index.php\/wp-json\/wp\/v2\/users\/1"}],"replies":[{"embeddable":true,"href":"https:\/\/jedynacafe.com\/index.php\/wp-json\/wp\/v2\/comments?post=266"}],"version-history":[{"count":15,"href":"https:\/\/jedynacafe.com\/index.php\/wp-json\/wp\/v2\/pages\/266\/revisions"}],"predecessor-version":[{"id":306,"href":"https:\/\/jedynacafe.com\/index.php\/wp-json\/wp\/v2\/pages\/266\/revisions\/306"}],"wp:attachment":[{"href":"https:\/\/jedynacafe.com\/index.php\/wp-json\/wp\/v2\/media?parent=266"}],"curies":[{"name":"wp","href":"https:\/\/api.w.org\/{rel}","templated":true}]}}